, what is -3a - 2b?
-67
In base 15, what is -9d - 2?
-a0
In base 4, what is -22 + 23?
1
In base 11, what is 65 - -3?
68
In base 3, what is -20001 - 101?
-20102
In base 10, what is -2 + -901?
-903
In base 10, what is 4 + -28?
-24
In base 10, what is 755 - 4?
751
In base 13, what is -3b2 + 0?
-3b2
In base 12, what is -8426 - 1?
-8427
In base 10, what is -3 + -225?
-228
In base 9, what is -81 - -65?
-15
In base 4, what is 1311 - -3?
1320
In base 7, what is -440 + -5?
-445
In base 16, what is -7b + -e?
-89
In base 8, what is 21 - 3?
16
In base 12, what is 48 + -2?
46
In base 8, what is 22 + -2?
20
In base 6, what is 35243 - -3?
35250
In base 6, what is 3 + -114?
-111
In base 8, what is 0 + -117?
-117
In base 4, what is 33 - -123?
222
In base 14, what is -ca - 0?
-ca
In base 8, what is 16 - -23?
41
In base 8, what is -30 - -1?
-27
In base 6, what is 0 + -40325?
-40325
In base 8, what is -3 + -432?
-435
In base 4, what is 21 - -120?
201
In base 6, what is 1511 + -102?
1405
In base 12, what is 18 - 102?
-a6
In base 6, what is 43 - 325?
-242
In base 12, what is -3 + -5a?
-61
In base 2, what is -101 + 1000101?
1000000
In base 6, what is -1050 - -5?
-1041
In base 5, what is -11042 + 44?
-10443
In base 11, what is -592 - 7?
-599
In base 10, what is 151 + 3?
154
In base 12, what is -2 + -73?
-75
In base 16, what is -1 + 1064?
1063
In base 5, what is -23 - 34?
-112
In base 6, what is 1 - -13044?
13045
In base 13, what is -18c + -3?
-192
In base 5, what is 1 - -301?
302
In base 7, what is 3 + -64?
-61
In base 2, what is -10110110 - 100?
-10111010
In base 9, what is -437 + -10?
-447
In base 5, what is 20113 - 0?
20113
In base 7, what is -2 + 4210?
4205
In base 8, what is -520 + 4?
-514
In base 11, what is -63 - -66?
3
In base 6, what is 4 - -152?
200
In base 14, what is 1 + -1bd7?
-1bd6
In base 11, what is 1120 - -10?
1130
In base 7, what is 3 - -621?
624
In base 6, what is 5 + 41?
50
In base 9, what is -21 - 5?
-26
In base 16, what is 4 + cb?
cf
In base 10, what is -1 - 82?
-83
In base 4, what is -200 + 3?
-131
In base 6, what is -2 - -2302?
2300
In base 15, what is -10 - 9b?
-ab
In base 7, what is -16 - 32?
-51
In base 4, what is 1010 - 300?
110
In base 3, what is 21021 - 1?
21020
In base 6, what is 2 - 5?
-3
In base 8, what is 5140 + -6?
5132
In base 5, what is -212 - -2?
-210
In base 16, what is 21 - 14f?
-12e
In base 6, what is 15401 - 3?
15354
In base 3, what is -11 + -1021?
-1102
In base 4, what is -11 - 1121?
-1132
In base 5, what is 222 - 123?
44
In base 13, what is -50 + -16?
-66
In base 2, what is 1 + 10001100?
10001101
In base 11, what is 4 + -156?
-152
In base 2, what is -1110011 + 0?
-1110011
In base 11, what is a + 569?
578
In base 6, what is 1421 - 3?
1414
In base 8, what is -12026 - 4?
-12032
In base 8, what is 4 + -514?
-510
In base 6, what is -5 + -32245?
-32254
In base 8, what is 56 + -1?
55
In base 9, what is 0 + -57?
-57
In base 16, what is -8 - 79?
-81
In base 8, what is 0 - -45?
45
In base 6, what is -20 + -10?
-30
In base 2, what is -100 - -101010?
100110
In base 15, what is 5 - -594?
599
In base 10, what is -1691 + 0?
-1691
In base 8, what is 2336 - -1?
2337
In base 11, what is 4 + 1186?
118a
In base 8, what is -303 - -3?
-300
In base 4, what is 11031 - -303?
12000
In base 4, what is 122 - 331?
-203
In base 3, what is 201 - 1021222?
-1021021
In base 5, what is -2034 + -34?
-2123
In base 4, what is -100301 + -1?
-100302
In base 5, what is 20002 + -3?
14444
In base 13, what is -3 + -27?
-2a
In base 13, what is 0 - -126b?
126b
In base 5, what is 3 - -32?
40
In base 5, what is -3 - 1244?
-1302
In base 16, what is -5 + -b2?
-b7
In base 4, what is -130 + 3?
-121
In base 2, what is 101 + -101011010?
-101010101
In base 9, what is -11 - -2108?
2087
In base 10, what is -2 - 120?
-122
In base 2, what is 10111000111 - 1?
10111000110
In base 5, what is 3 - 23?
-20
In base 12, what is 30a8 - -1?
30a9
In base 7, what is -5120 - -5?
-5112
In base 11, what is 4 + 116?
11a
In base 10, what is 12 - -180?
192
In base 11, what is 155 - 0?
155
In base 2, what is 11 - -111?
1010
In base 7, what is -2 - 5426?
-5431
In base 14, what is -19d9 + -3?
-19dc
In base 3, what is 112 + 20122?
21011
In base 15, what is -3d + -12?
-50
In base 11, what is 2 + 20a?
211
In base 5, what is 4424 - 1?
4423
In base 14, what is b2 + 3?
b5
In base 4, what is -11222 - 3?
-11231
In base 12, what is -9 + 84a?
841
In base 16, what is ad + -e?
9f
In base 12, what is -3b + 16?
-25
In base 12, what is -2 - -21a?
218
In base 16, what is -3d - 8?
-45
In base 15, what is -89d - -3?
-89a
In base 7, what is 5 + 121?
126
In base 14, what is -26 + 1bd?
197
In base 7, what is -3 - 401?
-404
In base 7, what is -14 - -1016?
1002
In base 7, what is -4 + 1652?
1645
In base 3, what is 1 - -1022?
1100
In base 8, what is -24 - -11?
-13
In base 16, what is 243 - -3?
246
In base 5, what is 2 + -304?
-302
In base 7, what is -100 - -145?
45
In base 6, what is -2 - -42052?
42050
In base 6, what is 0 - -24501?
24501
In base 12, what is 2 - -24?
26
In base 15, what is -1 - -1e?
1d
In base 10, what is -1 - -5?
4
In base 11, what is -4 - 20?
-24
In base 4, what is 20202 + 2?
20210
In base 14, what is -10 + 1?
-d
In base 11, what is -3 - -40?
38
In base 7, what is 33 + 40?
103
In base 11, what is 20 - 71?
-51
In base 4, what is -112012 + 2?
-112010
In base 2, what is -1111 - -111110?
101111
In base 15, what is 1d22 - -3?
1d25
In base 7, what is 0 - 16435?
-16435
In base 11, what is -412 + -1?
-413
In base 15, what is -2 - -6?
4
In base 13, what is -2 + -b7?
-b9
In base 9, what is 3 - -52?
55
In base 2, what is 1101 + -10001000?
-1111011
In base 10, what is 7 + 185?
192
In base 7, what is -4 + 34?
30
In base 13, what is -1808 + 1?
-1807
In base 15, what is -a + 44?
39
In base 12, what is -209 - -7?
-202
In base 8, what is 277 - 25?
252
In base 6, what is -20 + -20?
-40
In base 6, what is -331 - 212?
-543
In base 7, what is 25 - -226?
254
In base 6, what is 25 - -2402?
2431
In base 8, what is -1173 - -2?
-1171
In base 5, what is 210 - 23?
132
In base 6, what is 41 - 120?
-35
In base 4, what is -2122 - 111?
-2233
In base 10, what is 42 - 3?
39
In base 8, what is 3 - 105?
-102
In base 12, what is 6 - -9?
13
In base 4, what is 321 + 2?
323
In base 8, what is -4 - 144?
-150
In base 3, what is 21 + 100101?
100122
In base 14, what is 14 - -3?
17
In base 9, what is -5 + 6?
1
In base 12, what is 2917 + -5?
2912
In base 3, what is -1122 - 12?
-1211
In base 2, what is -1010001 + -1101?
-1011110
In base 8, what is -22 + 4?
-16
In base 9, what is -427 - 3?
-431
In base 9, what is 4 + -42?
-37
In base 4, what is -2 + -10103?
-10111
In base 16, what is 23ea + 1?
23eb
In base 13, what is a - -59?
66
In base 13, what is 3 - -61?
64
In base 11, what is 4 - -9a4?
9a8
In base 4, what is -11 + -1330?
-2001
In base 6, what is -441 - 1?
-442
In base 5, what is 12012 + -12?
12000
In base 10, what is -1467 - -2?
-1465
In base 8, what is 3 - 51?
-46
In base 11, what is 1 + 262?
263
In base 2, what is -10100110 - -101?
-10100001
In base 14, what is -4 - -d6?
d2
In base 4, what is 10 + -2020?
-2010
In base 14, what is -5b - 46?
-a3
In base 12, what is -298 - -2?
-296
In base 5, what is 31 - -230?
311
In base 15, what is -44 - -1b1?
16c
In base 2, what is -1000010100 - -100?
-1000010000
In base 9, what is -34 - 4?
-38
In base 13, what is 35 + -3?
32
In base 2, what is 101111001 - 1?
101111000
In base 15, what is 4 - 43?
-3e
In base 2, what is 1 + 1?
10
In base 3, what is -1112 - -1?
-1111
In base 9, what is -108 - 148?
-257
In base 3, what is -12 + -1021200?
-1021212
In base 14, what is -49 + 12?
-37
In base 8, what is -2024 + 4?
-2020
In base 11, what is 3 + 501?
504
In base 12, what is -5 + -213?
-218
In base 6, what is -4 - -1041?
1033
In base 9, what is -2772 + 2?
-2770
In base 7, what is -336 - 111?
-450
In base 4, what is 100012 + 3?
100021
In base 14, what is 6 + -4?
2
In base 12, what is 1140 - 2?
113a
In base 7, what is 2 - -165?
200
In base 3, what is 1 - -101211?
101212
In base 12, what is b - 267?
-258
In base 10, what is 0 - -2129?
2129
In base 10, what is -4 - -8?
4
In base 14, what is -223 - 3?
-226
In base 10, what is 12 + 1339?
1351
In base 12, what is -a34 + -6?
-a3a
In base 16, what is -2 - -1f2?
1f0
In base 8, w